 base 12?
478
What is 442 (base 11) in base 9?
648
-a57 (base 11) to base 7
-3465
What is 1507 (base 8) in base 15?
3ae
-12c06 (base 15) to base 16
-eab1
What is 1d (base 14) in base 4?
123
Convert -11100111100 (base 2) to base 14.
-964
What is 5b6b (base 16) in base 15?
6e03
1120122212 (base 3) to base 10
31100
What is -1a5 (base 11) in base 12?
-178
What is 4737 (base 13) in base 9?
14660
6bc0 (base 14) to base 4
10211210
What is 101010111110000 (base 2) in base 7?
121066
-110220 (base 4) to base 16
-528
What is a29 (base 16) in base 4?
220221
Convert -101001001111111 (base 2) to base 4.
-11021333
What is 105104 (base 6) in base 13?
4084
What is -211253 (base 6) in base 4?
-10030101
Convert 3410 (base 8) to base 6.
12200
Convert 1154 (base 14) to base 4.
233012
What is -33211 (base 5) in base 8?
-4402
Convert -256 (base 12) to base 16.
-162
-29a (base 16) to base 3
-220200
b7 (base 15) to base 16
ac
10233 (base 4) to base 7
612
-4a776 (base 11) to base 13
-271a4
-ac9 (base 16) to base 10
-2761
Convert 2493 (base 16) to base 9.
13753
What is -104311 (base 5) in base 12?
-218a
0 (base 14) to base 10
0
49e (base 15) to base 14
54d
Convert 116a (base 11) to base 6.
11024
70432 (base 8) to base 3
1110201101
What is -6443 (base 8) in base 2?
-110100100011
1111000111 (base 2) to base 13
595
Convert -176 (base 15) to base 9.
-413
136645 (base 7) to base 3
1100012121
What is -9f7 (base 16) in base 3?
-10111111
10011100000 (base 2) to base 6
5440
Convert -14410 (base 5) to base 15.
-570
What is 1010111100110 (base 2) in base 5?
134411
-430 (base 7) to base 8
-331
Convert -100020001 (base 3) to base 13.
-30a3
-100000100 (base 2) to base 4
-10010
Convert -2043 (base 9) to base 11.
-1141
Convert -1030 (base 8) to base 15.
-25b
Convert 25198 (base 10) to base 3.
1021120021
Convert -35b (base 13) to base 2.
-1001000111
What is -bf (base 16) in base 13?
-119
25554 (base 7) to base 2
1101010010001
Convert 30312 (base 4) to base 13.
4b3
217 (base 13) to base 5
2413
-1010111 (base 3) to base 11
-689
Convert -142156 (base 8) to base 4.
-30101232
Convert 2652 (base 7) to base 14.
529
What is 146 (base 9) in base 16?
7b
-454 (base 7) to base 15
-10a
Convert 2e3 (base 16) to base 3.
1000101
Convert -158 (base 11) to base 2.
-10111000
Convert 233 (base 5) to base 16.
44
-466 (base 11) to base 4
-20230
What is -2537 (base 11) in base 2?
-110011101011
What is 112122 (base 4) in base 5?
21214
What is 132d (base 14) in base 10?
3373
Convert 6873 (base 9) to base 4.
1033200
What is 94c (base 13) in base 12?
b01
Convert 76b (base 12) to base 13.
65c
Convert 209b (base 12) to base 16.
df7
Convert -100111100000 (base 2) to base 13.
-11c6
-1637 (base 8) to base 3
-1021100
What is bbb (base 12) in base 16?
6bf
What is -440210 (base 6) in base 16?
-8e0e
262422 (base 7) to base 5
3031133
Convert 1a79 (base 11) to base 9.
3538
Convert -3211 (base 4) to base 7.
-445
Convert -363a (base 12) to base 4.
-1133032
Convert -ba1 (base 13) to base 4.
-133012
-132 (base 7) to base 10
-72
-362 (base 16) to base 2
-1101100010
2c0a (base 16) to base 2
10110000001010
-10010000 (base 5) to base 6
-1404330
What is 12201021 (base 3) in base 4?
1001011
What is 870 (base 13) in base 12?
a03
What is -315 (base 12) in base 3?
-121122
-119f (base 16) to base 13
-2090
Convert -4414 (base 7) to base 9.
-2144
535 (base 9) to base 12
305
Convert -1000 (base 3) to base 8.
-33
-75a7 (base 11) to base 15
-2e94
-478 (base 9) to base 10
-395
Convert 1223201 (base 4) to base 8.
15341
Convert c227 (base 16) to base 8.
141047
What is -5020 (base 6) in base 14?
-580
What is -2527 (base 12) in base 10?
-4207
What is 301 (base 11) in base 16?
16c
What is 738 (base 13) in base 10?
1230
What is 1b2b (base 12) in base 4?
310103
What is 225152 (base 6) in base 3?
222110112
Convert -a1a (base 14) to base 6.
-13104
What is 2116 (base 7) in base 8?
1354
Convert 32342 (base 6) to base 10.
4454
Convert -1323112 (base 4) to base 9.
-11741
-56cd (base 14) to base 8
-35345
Convert 1001 (base 2) to base 9.
10
What is 1111111 (base 3) in base 15?
4cd
-390 (base 11) to base 5
-3322
-222200 (base 4) to base 2
-101010100000
-2a06 (base 11) to base 6
-25542
c1d (base 16) to base 7
12020
-5cd6 (base 16) to base 2
-101110011010110
Convert -1b4 (base 16) to base 12.
-304
What is 2324 (base 5) in base 9?
416
a5 (base 13) to base 11
113
What is 42022 (base 5) in base 13?
1346
-1da (base 15) to base 5
-3210
-1022124 (base 5) to base 15
-5144
What is -5077 (base 10) in base 8?
-11725
What is 751b (base 12) in base 13?
5ac8
1170 (base 10) to base 15
530
Convert 1020210 (base 3) to base 10.
912
-1013211 (base 5) to base 12
-97a1
Convert 202402 (base 7) to base 13.
12919
What is -351 (base 11) in base 10?
-419
Convert 101101111011 (base 2) to base 15.
d0e
What is -23400 (base 7) in base 9?
-8236
-3a8 (base 14) to base 11
-60a
Convert -11011010011101 (base 2) to base 9.
-21154
201100212 (base 3) to base 12
8205
Convert 6904 (base 10) to base 11.
5207
What is 231444 (base 5) in base 4?
2002312
What is 192 (base 13) in base 8?
440
3421 (base 6) to base 11
672
-364 (base 16) to base 11
-71a
-423 (base 9) to base 2
-101011001
-49ca (base 14) to base 3
-122201110
What is 4d37 (base 14) in base 13?
6241
What is -1153 (base 7) in base 13?
-271
What is 2463a (base 11) in base 9?
53465
What is -438 (base 10) in base 2?
-110110110
-211022 (base 3) to base 15
-2a2
Convert -1574 (base 10) to base 8.
-3046
-4422 (base 7) to base 5
-22314
-4912 (base 11) to base 16
-191a
Convert 224400 (base 6) to base 16.
4ad0
What is 541 (base 12) in base 7?
2146
What is 4044133 (base 5) in base 3?
10022220112
Convert -111153 (base 7) to base 9.
-28840
-3354 (base 6) to base 15
-37a
Convert -554 (base 6) to base 12.
-15a
-100000111111100 (base 2) to base 8
-40774
4f (base 16) to base 8
117
Convert -110000011 (base 2) to base 7.
-1062
Convert -29c (base 14) to base 7.
-1355
What is -211 (base 15) in base 2?
-111010010
Convert 1a4 (base 12) to base 13.
178
What is -188 (base 11) in base 15?
-e7
Convert 1102 (base 8) to base 9.
712
What is -3d15 (base 14) in base 13?
-4bb9
Convert 110bc (base 13) to base 5.
1442123
142 (base 9) to base 14
87
What is -40aa (base 11) in base 3?
-21110122
What is -4685 (base 9) in base 6?
-24035
What is -134612 (base 9) in base 13?
-2b50b
What is -10114 (base 5) in base 6?
-3015
What is -454 (base 13) in base 6?
-3241
805 (base 13) to base 12
951
Convert 11021020 (base 3) to base 16.
c27
Convert 1160b (base 13) to base 5.
2004113
What is -13102 (base 5) in base 6?
-4431
What is 304 (base 6) in base 15?
77
Convert -101101100000100 (base 2) to base 8.
-55404
1011101 (base 2) to base 4
1131
129a4 (base 12) to base 13
b872
What is -2063 (base 9) in base 8?
-2753
Convert 32202 (base 9) to base 3.
1002020002
-16a4 (base 15) to base 7
-20140
Convert -1110011001111 (base 2) to base 10.
-7375
18 (base 10) to base 11
17
What is 4dd (base 16) in base 14?
64d
141 (base 6) to base 8
75
Convert 1846 (base 9) to base 14.
735
Convert 11110013 (base 4) to base 15.
66b2
Convert -171 (base 11) to base 7.
-403
18a (base 12) to base 11
208
-722 (base 16) to base 2
-11100100010
What is -1100101111011110 (base 2) in base 8?
-145736
What is 283 (base 12) in base 14?
1d9
Convert -3652 (base 11) to base 8.
-11250
Convert -11111001 (base 2) to base 16.
-f9
Convert -14403 (base 6) to base 2.
-100100000011
3156 (base 9) to base 4
210033
What is 11022100 (base 3) in base 8?
6105
Convert 103433 (base 8) to base 9.
52400
Convert -7354 (base 9) to base 4.
-1110103
1001011010011 (base 2) to base 6
34151
What is 13002 (base 4) in base 11?
37a
Convert -5ab (base 14) to base 3.
-1112220
Convert 10221 (base 3) to base 2.
1101010
What is -2451 (base 8) in base 14?
-6a5
487 (base 13) to base 16
313
What is 575 (base 12) in base 7?
2234
-457 (base 8) to base 2
-100101111
What is 151 (base 14) in base 10?
267
422 (base 7) to base 12
158
Convert 5ab (base 13) to base 11.
817
-113211 (base 4) to base 5
-22014
Convert 11b04 (base 12) to base 2.
101110111110100
2ad (base 15) to base 9
751
-1111 (base 7) to base 13
-24a
Convert 4130 (base 9) to base 6.
22000
Convert -483 (base 9) to base 10.
-399
-127140 (base 8) to base 6
-542400
79 (base 14) to base 15
72
What is -2344012 (base 5) i